at is the hundred thousands digit of 707913843?
9
What is the millions digit of 1246616277?
6
What is the thousands digit of 38311030?
1
What is the millions digit of 82755820?
2
What is the ten thousands digit of 1019967834?
6
What is the hundreds digit of 161554510?
5
What is the thousands digit of 81403508?
3
What is the hundreds digit of 88199654?
6
What is the millions digit of 11849394?
1
What is the ten thousands digit of 530881609?
8
What is the ten millions digit of 2330474191?
3
What is the millions digit of 1307674714?
7
What is the ten millions digit of 124200124?
2
What is the thousands digit of 285641701?
1
What is the units digit of 99477022?
2
What is the tens digit of 76764557?
5
What is the thousands digit of 143454291?
4
What is the ten millions digit of 170609440?
7
What is the hundred thousands digit of 35252714?
2
What is the units digit of 362529885?
5
What is the hundred millions digit of 273992787?
2
What is the ten thousands digit of 575762276?
6
What is the millions digit of 1938529?
1
What is the hundred millions digit of 161126989?
1
What is the thousands digit of 541359547?
9
What is the units digit of 8678621?
1
What is the units digit of 706449679?
9
What is the hundreds digit of 27716878?
8
What is the hundreds digit of 642059962?
9
What is the hundreds digit of 1278351?
3
What is the tens digit of 6038610648?
4
What is the ten millions digit of 2978796262?
7
What is the millions digit of 1742550985?
2
What is the units digit of 76997849?
9
What is the ten thousands digit of 1426593?
2
What is the millions digit of 1489898258?
9
What is the units digit of 1761473350?
0
What is the ten millions digit of 454643521?
5
What is the ten millions digit of 3925142837?
2
What is the ten millions digit of 851871967?
5
What is the hundred thousands digit of 77058699?
0
What is the thousands digit of 60844172?
4
What is the hundreds digit of 2099596404?
4
What is the hundreds digit of 1522417954?
9
What is the ten millions digit of 42257370?
4
What is the tens digit of 817578960?
6
What is the ten millions digit of 1248039124?
4
What is the hundred millions digit of 9444360237?
4
What is the ten millions digit of 163919653?
6
What is the ten thousands digit of 184890473?
9
What is the millions digit of 4565687645?
5
What is the hundred thousands digit of 5121995691?
9
What is the ten millions digit of 891039074?
9
What is the tens digit of 104693646?
4
What is the hundreds digit of 152813744?
7
What is the ten millions digit of 1147224869?
4
What is the millions digit of 3868053?
3
What is the millions digit of 404835337?
4
What is the hundred millions digit of 1174551290?
1
What is the ten millions digit of 61883186?
6
What is the ten millions digit of 311138529?
1
What is the ten millions digit of 120709949?
2
What is the ten thousands digit of 3693672241?
7
What is the hundred thousands digit of 748982078?
9
What is the hundreds digit of 25003273?
2
What is the thousands digit of 110489634?
9
What is the ten millions digit of 86493688?
8
What is the units digit of 23125582?
2
What is the hundred millions digit of 291901974?
2
What is the millions digit of 5227260366?
7
What is the thousands digit of 194713164?
3
What is the hundred thousands digit of 465763908?
7
What is the hundred millions digit of 5271620944?
2
What is the ten millions digit of 4300524339?
0
What is the ten millions digit of 10063171?
1
What is the units digit of 428181137?
7
What is the units digit of 86287680?
0
What is the units digit of 24698143?
3
What is the thousands digit of 4842775955?
5
What is the units digit of 1085195598?
8
What is the millions digit of 100702068?
0
What is the tens digit of 656382?
8
What is the ten millions digit of 472945866?
7
What is the ten millions digit of 421084940?
2
What is the ten thousands digit of 106902108?
0
What is the hundred thousands digit of 183689574?
6
What is the thousands digit of 4009925153?
5
What is the hundred thousands digit of 123655593?
6
What is the millions digit of 1103472838?
3
What is the billions digit of 2235566490?
2
What is the units digit of 401372911?
1
What is the hundreds digit of 925077235?
2
What is the hundred millions digit of 975442415?
9
What is the billions digit of 5418259398?
5
What is the ten millions digit of 15566779?
1
What is the hundred millions digit of 314806092?
3
What is the tens digit of 514585156?
5
What is the units digit of 594570794?
4
What is the ten thousands digit of 28653623?
5
What is the units digit of 5393464178?
8
What is the millions digit of 11838345?
1
What is the hundred thousands digit of 46318496?
3
What is the units digit of 31973530?
0
What is the thousands digit of 59608357?
8
What is the hundred thousands digit of 2733760606?
7
What is the thousands digit of 8944342252?
2
What is the ten millions digit of 1067225771?
6
What is the ten millions digit of 25258143?
2
What is the ten thousands digit of 355352783?
5
What is the hundred thousands digit of 3530641?
5
What is the hundred thousands digit of 194918248?
9
What is the ten millions digit of 2327958912?
2
What is the ten thousands digit of 32733735?
3
What is the hundred millions digit of 1512343679?
5
What is the units digit of 945855472?
2
What is the ten thousands digit of 419198168?
9
What is the thousands digit of 1130914012?
4
What is the tens digit of 293804194?
9
What is the hundreds digit of 5639826886?
8
What is the units digit of 725454747?
7
What is the hundred millions digit of 182221762?
1
What is the hundreds digit of 211741220?
2
What is the thousands digit of 804475634?
5
What is the thousands digit of 179276348?
6
What is the billions digit of 1685333027?
1
What is the ten thousands digit of 230015357?
1
What is the tens digit of 15629024?
2
What is the hundreds digit of 175518834?
8
What is the hundreds digit of 2221399402?
4
What is the ten thousands digit of 43672315?
7
What is the hundred thousands digit of 48747592?
7
What is the ten thousands digit of 1073689341?
8
What is the hundred millions digit of 1094725606?
0
What is the hundreds digit of 57407559?
5
What is the ten millions digit of 1732485283?
3
What is the units digit of 234818?
8
What is the hundred thousands digit of 2566575108?
5
What is the thousands digit of 1026124905?
4
What is the thousands digit of 5180419?
0
What is the hundred thousands digit of 1164769122?
7
What is the millions digit of 71034637?
1
What is the tens digit of 919476270?
7
What is the hundreds digit of 1707105810?
8
What is the hundred millions digit of 8645041119?
6
What is the millions digit of 62383315?
2
What is the hundred millions digit of 122714808?
1
What is the ten thousands digit of 2591306877?
0
What is the ten thousands digit of 1182719072?
1
What is the ten millions digit of 43980889?
4
What is the ten millions digit of 75419045?
7
What is the hundred millions digit of 218930140?
2
What is the units digit of 1954827?
7
What is the billions digit of 2813355784?
2
What is the hundred thousands digit of 275535539?
5
What is the ten thousands digit of 15885187?
8
What is the thousands digit of 268326509?
6
What is the thousands digit of 62570074?
0
What is the millions digit of 33550639?
3
What is the ten millions digit of 2051732269?
5
What is the hundreds digit of 52984437?
4
What is the hundred thousands digit of 19180995?
1
What is the thousands digit of 1506101381?
1
What is the units digit of 1357885791?
1
What is the hundred thousands digit of 828359997?
3
What is the ten millions digit of 515394463?
1
What is the tens digit of 714051374?
7
What is the units digit of 1934839?
9
What is the units digit of 810527298?
8
What is the millions digit of 525729463?
5
What is the thousands digit of 4344550504?
0
What is the tens digit of 817961123?
2
What is the tens digit of 17906683?
8
What is the units digit of 224691444?
4
What is the tens digit of 41884086?
8
What is the hundred thousands digit of 747494528?
4
What is the millions digit of 1059763933?
9
What is the hundred thousands digit of 90117843?
1
What is the tens digit of 228760015?
1
What is the tens digit of 1605276498?
9
What is the units digit of 208500931?
1
What is the hundreds digit of 89488580?
5
What is the thousands digit of 3426093107?
3
